{"id":179,"date":"2024-02-02T10:40:24","date_gmt":"2024-02-02T09:40:24","guid":{"rendered":"https:\/\/syncmyfiles.es\/?page_id=179"},"modified":"2024-02-02T10:40:24","modified_gmt":"2024-02-02T09:40:24","slug":"home-2","status":"publish","type":"page","link":"https:\/\/syncmyfiles.es\/?page_id=179&lang=es","title":{"rendered":"Home"},"content":{"rendered":"\n<div class=\"wp-block-cover alignfull\" style=\"min-height:720px\"><span aria-hidden=\"true\" class=\"wp-block-cover__background has-background-dim-100 has-background-dim has-background-gradient\" style=\"background:linear-gradient(35deg,rgb(98,146,179) 0%,rgb(9,87,139) 89%)\"><\/span><div class=\"wp-block-cover__inner-container is-layout-flow wp-block-cover-is-layout-flow\">\n<div class=\"inherit-container-width wp-block-group alignwide is-layout-constrained wp-block-group-is-layout-constrained\">\n<div class=\"wp-block-media-text alignwide has-media-on-the-right is-stacked-on-mobile is-vertically-aligned-center\" style=\"grid-template-columns:auto 47%\"><div class=\"wp-block-media-text__content\">\n<h1 class=\"wp-block-heading has-text-align-left has-white-color has-text-color\">SyncMyFiles<\/h1>\n\n\n\n<p>Powerful application for performing synchronizations and keeping your phone&#8217;s content and the cloud always in sync.<\/p>\n\n\n\n<p>Easily back up your photos, music, or anything you desire.<\/p>\n\n\n\n<div class=\"wp-block-group is-layout-constrained wp-block-group-is-layout-constrained\">\n<div class=\"wp-block-group is-layout-constrained wp-block-group-is-layout-constrained\">\n<div class=\"wp-block-buttons is-layout-flex wp-block-buttons-is-layout-flex\">\n<div class=\"wp-block-button\"><a class=\"wp-block-button__link wp-element-button\" href=\"https:\/\/play.google.com\/store\/apps\/details?id=com.syncmyfilesandroid.free\" target=\"_blank\" rel=\"noreferrer noopener\"><strong>View SyncMyFiles in Google Play Store<\/strong><\/a><\/div>\n\n\n\n<div class=\"wp-block-button\"><a class=\"wp-block-button__link wp-element-button\" href=\"https:\/\/play.google.com\/store\/apps\/details?id=com.syncmyfilesandroid.premium\" target=\"_blank\" rel=\"noreferrer noopener\"><strong>View SyncMyFiles Pro in Google Play Store<\/strong><\/a><\/div>\n<\/div>\n<\/div>\n<\/div>\n<\/div><figure class=\"wp-block-media-text__media\"><img loading=\"lazy\" decoding=\"async\" width=\"512\" height=\"512\" src=\"http:\/\/syncmyfiles-es.preview-domain.com\/wp-content\/uploads\/2024\/01\/ApplicationIcon.png\" alt=\"\" class=\"wp-image-25 size-full\" srcset=\"https:\/\/syncmyfiles.es\/wp-content\/uploads\/2024\/01\/ApplicationIcon.png 512w, https:\/\/syncmyfiles.es\/wp-content\/uploads\/2024\/01\/ApplicationIcon-300x300.png 300w, https:\/\/syncmyfiles.es\/wp-content\/uploads\/2024\/01\/ApplicationIcon-150x150.png 150w\" sizes=\"(max-width: 512px) 100vw, 512px\" \/><\/figure><\/div>\n<\/div>\n<\/div><\/div>\n\n\n\n<div class=\"wp-block-group is-layout-constrained wp-block-group-is-layout-constrained\">\n<h2 class=\"wp-block-heading\">\u00bfQu\u00e9 es SyncMyFiles?<\/h2>\n\n\n\n<p>SyncMyFiles es una aplicaci\u00f3n Android que permite realizar sincronizaciones tanto de archivos como de carpetas de manera simple y eficiente con el proveedor en la nube de Dropbox.<\/p>\n\n\n\n<p>Sincroniza y ten una copia de seguridad de tu m\u00fasica, fotograf\u00edas y documentos sin esfuerzo.<\/p>\n\n\n\n<p>Gracias a SyncMyFiles podr\u00e1s elegir qu\u00e9 carpetas de Dropbox y de tu dispositivo quieres tener sincronizadas, pudiendo elegir, por ejemplo, solo una carpeta donde guardas m\u00fasica o fotograf\u00edas, mientras que el resto de tus carpetas no se sincronizar\u00e1n.<\/p>\n\n\n\n<p>Funciona de una manera simple y r\u00e1pida, siendo muy f\u00e1cil crear una carpeta para comenzar a realizar sincronizaciones y tener tus archivos disponibles, tanto en Dropbox como en tu dispositivo.<\/p>\n\n\n\n<p>Tus datos no se comparten ni se almacenan con ning\u00fan tercero ni con nuestros servidores, por lo que tu informaci\u00f3n se mantendr\u00e1 segura en tu tel\u00e9fono.<\/p>\n<\/div>\n\n\n\n<div class=\"wp-block-group is-layout-constrained wp-block-group-is-layout-constrained\">\n<h2 class=\"wp-block-heading\" id=\"about\">Versiones y funciones de la aplicaci\u00f3n<\/h2>\n\n\n\n<p>SyncMyFiles tiene dos versiones diferentes, una versi\u00f3n gratuita y otra de pago. \u00a1Con ambas versiones podr\u00e1s realizar sincronizaciones de tus carpetas! Aunque la versi\u00f3n de pago tiene funciones adicionales adem\u00e1s de no contener anuncios.<\/p>\n<\/div>\n\n\n\n<div class=\"wp-block-group is-layout-constrained wp-block-group-is-layout-constrained\">\n<h2 class=\"wp-block-heading\">Funciones de la versi\u00f3n gratuita<\/h2>\n\n\n\n<div class=\"wp-block-columns is-layout-flex wp-container-core-columns-layout-1 wp-block-columns-is-layout-flex\">\n<div class=\"wp-block-column is-layout-flow wp-block-column-is-layout-flow\">\n<figure class=\"wp-block-image aligncenter size-full is-resized\"><img loading=\"lazy\" decoding=\"async\" width=\"848\" height=\"512\" src=\"http:\/\/syncmyfiles.es\/wp-content\/uploads\/2024\/01\/OnlyUpToLocal.png\" alt=\"\" class=\"wp-image-39\" style=\"width:164px;height:auto\" srcset=\"https:\/\/syncmyfiles.es\/wp-content\/uploads\/2024\/01\/OnlyUpToLocal.png 848w, https:\/\/syncmyfiles.es\/wp-content\/uploads\/2024\/01\/OnlyUpToLocal-300x181.png 300w, https:\/\/syncmyfiles.es\/wp-content\/uploads\/2024\/01\/OnlyUpToLocal-768x464.png 768w\" sizes=\"(max-width: 848px) 100vw, 848px\" \/><\/figure>\n\n\n\n<h2 class=\"wp-block-heading has-text-align-center\">Solo descargar<\/h2>\n\n\n\n<div class=\"wp-block-group is-layout-constrained wp-block-group-is-layout-constrained\">\n<div class=\"wp-block-group is-vertical is-layout-flex wp-container-core-group-layout-6 wp-block-group-is-layout-flex\">\n<p class=\"has-text-align-center\">Solo se descargan archivos de la nube al tel\u00e9fono m\u00f3vil.<\/p>\n<\/div>\n<\/div>\n<\/div>\n\n\n\n<div class=\"wp-block-column is-layout-flow wp-block-column-is-layout-flow\">\n<figure class=\"wp-block-image aligncenter size-full is-resized\"><img loading=\"lazy\" decoding=\"async\" width=\"848\" height=\"512\" src=\"http:\/\/syncmyfiles-es.preview-domain.com\/wp-content\/uploads\/2024\/01\/OnlyUpToCloud.png\" alt=\"\" class=\"wp-image-38\" style=\"width:168px;height:auto\" srcset=\"https:\/\/syncmyfiles.es\/wp-content\/uploads\/2024\/01\/OnlyUpToCloud.png 848w, https:\/\/syncmyfiles.es\/wp-content\/uploads\/2024\/01\/OnlyUpToCloud-300x181.png 300w, https:\/\/syncmyfiles.es\/wp-content\/uploads\/2024\/01\/OnlyUpToCloud-768x464.png 768w\" sizes=\"(max-width: 848px) 100vw, 848px\" \/><\/figure>\n\n\n\n<h2 class=\"wp-block-heading has-text-align-center\">Solo subir<\/h2>\n\n\n\n<p class=\"has-text-align-center\">Solo se suben archivos del tel\u00e9fono m\u00f3vil a la nube.<\/p>\n<\/div>\n\n\n\n<div class=\"wp-block-column is-layout-flow wp-block-column-is-layout-flow\">\n<figure class=\"wp-block-image aligncenter size-full is-resized\"><img loading=\"lazy\" decoding=\"async\" width=\"848\" height=\"512\" src=\"http:\/\/syncmyfiles.es\/wp-content\/uploads\/2024\/01\/UpAndDown2.png\" alt=\"\" class=\"wp-image-123\" style=\"width:166px;height:auto\" srcset=\"https:\/\/syncmyfiles.es\/wp-content\/uploads\/2024\/01\/UpAndDown2.png 848w, https:\/\/syncmyfiles.es\/wp-content\/uploads\/2024\/01\/UpAndDown2-300x181.png 300w, https:\/\/syncmyfiles.es\/wp-content\/uploads\/2024\/01\/UpAndDown2-768x464.png 768w\" sizes=\"(max-width: 848px) 100vw, 848px\" \/><\/figure>\n\n\n\n<h2 class=\"wp-block-heading has-text-align-center\">Upload and Download<\/h2>\n\n\n\n<p class=\"has-text-align-center\">Se suben y se descargan los archivos tanto en la nube como en el tel\u00e9fono m\u00f3vil.<\/p>\n<\/div>\n<\/div>\n<\/div>\n\n\n\n<div class=\"wp-block-group is-layout-constrained wp-block-group-is-layout-constrained\">\n<h2 class=\"wp-block-heading\">Funciones extras de la versi\u00f3n de pago<\/h2>\n\n\n\n<div class=\"wp-block-columns is-layout-flex wp-container-core-columns-layout-2 wp-block-columns-is-layout-flex\">\n<div class=\"wp-block-column is-layout-flow wp-block-column-is-layout-flow\">\n<figure class=\"wp-block-image aligncenter size-full is-resized\"><img loading=\"lazy\" decoding=\"async\" width=\"512\" height=\"391\" src=\"http:\/\/syncmyfiles.es\/wp-content\/uploads\/2024\/01\/SyncArrows.png\" alt=\"\" class=\"wp-image-47\" style=\"width:176px;height:auto\" srcset=\"https:\/\/syncmyfiles.es\/wp-content\/uploads\/2024\/01\/SyncArrows.png 512w, https:\/\/syncmyfiles.es\/wp-content\/uploads\/2024\/01\/SyncArrows-300x229.png 300w\" sizes=\"(max-width: 512px) 100vw, 512px\" \/><\/figure>\n\n\n\n<h2 class=\"wp-block-heading has-text-align-center\">Auto sincronizaci\u00f3n<\/h2>\n\n\n\n<div class=\"wp-block-group is-vertical is-layout-flex wp-container-core-group-layout-9 wp-block-group-is-layout-flex\">\n<p class=\"has-text-align-center\">Sincroniza tus carpetas de manera autom\u00e1tica cada cierto tiempo.<\/p>\n<\/div>\n<\/div>\n\n\n\n<div class=\"wp-block-column is-layout-flow wp-block-column-is-layout-flow\">\n<figure class=\"wp-block-image aligncenter size-full is-resized\"><img loading=\"lazy\" decoding=\"async\" width=\"848\" height=\"848\" src=\"http:\/\/syncmyfiles.es\/wp-content\/uploads\/2024\/01\/LimitSync2.png\" alt=\"\" class=\"wp-image-127\" style=\"width:148px;height:auto\" srcset=\"https:\/\/syncmyfiles.es\/wp-content\/uploads\/2024\/01\/LimitSync2.png 848w, https:\/\/syncmyfiles.es\/wp-content\/uploads\/2024\/01\/LimitSync2-300x300.png 300w, https:\/\/syncmyfiles.es\/wp-content\/uploads\/2024\/01\/LimitSync2-150x150.png 150w, https:\/\/syncmyfiles.es\/wp-content\/uploads\/2024\/01\/LimitSync2-768x768.png 768w\" sizes=\"(max-width: 848px) 100vw, 848px\" \/><\/figure>\n\n\n\n<h3 class=\"wp-block-heading has-text-align-center\">Limita las sincronizaciones<\/h3>\n\n\n\n<p class=\"has-text-align-center\">Limita si realizar una sincronizaci\u00f3n en base al tama\u00f1o de esta. Si por ejemplo el total de una sincronizaci\u00f3n es de 500Mb puedes decidir que esta no se realize.<\/p>\n<\/div>\n\n\n\n<div class=\"wp-block-column is-layout-flow wp-block-column-is-layout-flow\">\n<figure class=\"wp-block-image aligncenter size-full is-resized\"><img loading=\"lazy\" decoding=\"async\" width=\"512\" height=\"422\" src=\"http:\/\/syncmyfiles-es.preview-domain.com\/wp-content\/uploads\/2024\/01\/folder.png\" alt=\"\" class=\"wp-image-45\" style=\"width:165px;height:auto\" srcset=\"https:\/\/syncmyfiles.es\/wp-content\/uploads\/2024\/01\/folder.png 512w, https:\/\/syncmyfiles.es\/wp-content\/uploads\/2024\/01\/folder-300x247.png 300w\" sizes=\"(max-width: 512px) 100vw, 512px\" \/><\/figure>\n\n\n\n<h2 class=\"wp-block-heading has-text-align-center\">Limite de 100 carpetas<\/h2>\n\n\n\n<p class=\"has-text-align-center\">En la versi\u00f3n de pago el limite de carpetas es de 100 carpetas.<\/p>\n<\/div>\n<\/div>\n\n\n\n<div class=\"wp-block-columns is-layout-flex wp-container-core-columns-layout-3 wp-block-columns-is-layout-flex\">\n<div class=\"wp-block-column is-layout-flow wp-block-column-is-layout-flow\"><\/div>\n\n\n\n<div class=\"wp-block-column is-layout-flow wp-block-column-is-layout-flow\">\n<figure class=\"wp-block-image aligncenter size-full is-resized\"><img loading=\"lazy\" decoding=\"async\" width=\"512\" height=\"669\" src=\"http:\/\/syncmyfiles.es\/wp-content\/uploads\/2024\/01\/File.png\" alt=\"\" class=\"wp-image-48\" style=\"width:111px;height:auto\" srcset=\"https:\/\/syncmyfiles.es\/wp-content\/uploads\/2024\/01\/File.png 512w, https:\/\/syncmyfiles.es\/wp-content\/uploads\/2024\/01\/File-230x300.png 230w\" sizes=\"(max-width: 512px) 100vw, 512px\" \/><\/figure>\n\n\n\n<h2 class=\"wp-block-heading has-text-align-center\">Filtrado de archivos por tama\u00f1o<\/h2>\n\n\n\n<p class=\"has-text-align-center\">Puedes decidir que en las sincronizaciones solo se sincronicen archivos mayores o menores al tama\u00f1o que decidas.<\/p>\n<\/div>\n\n\n\n<div class=\"wp-block-column is-layout-flow wp-block-column-is-layout-flow\"><\/div>\n<\/div>\n<\/div>\n","protected":false},"excerpt":{"rendered":"<p>\u00bfQu\u00e9 es SyncMyFiles? SyncMyFiles es una aplicaci\u00f3n Android que permite realizar sincronizaciones tanto de archivos como de carpetas de manera [&hellip;]<\/p>\n","protected":false},"author":1,"featured_media":0,"parent":0,"menu_order":0,"comment_status":"closed","ping_status":"closed","template":"","meta":{"_monsterinsights_skip_tracking":false,"_monsterinsights_sitenote_active":false,"_monsterinsights_sitenote_note":"","_monsterinsights_sitenote_category":0,"site-sidebar-layout":"no-sidebar","site-content-layout":"plain-container","ast-site-content-layout":"","site-content-style":"default","site-sidebar-style":"default","ast-global-header-display":"","ast-banner-title-visibility":"","ast-main-header-display":"","ast-hfb-above-header-display":"","ast-hfb-below-header-display":"","ast-hfb-mobile-header-display":"","site-post-title":"disabled","ast-breadcrumbs-content":"","ast-featured-img":"","footer-sml-layout":"","theme-transparent-header-meta":"enabled","adv-header-id-meta":"","stick-header-meta":"","header-above-stick-meta":"","header-main-stick-meta":"","header-below-stick-meta":"","astra-migrate-meta-layouts":"default","ast-page-background-enabled":"default","ast-page-background-meta":{"desktop":{"background-color":"var(--ast-global-color-4)","background-image":"","background-repeat":"repeat","background-position":"center center","background-size":"auto","background-attachment":"scroll","background-type":"","background-media":"","overlay-type":"","overlay-color":"","overlay-gradient":""},"tablet":{"background-color":"","background-image":"","background-repeat":"repeat","background-position":"center center","background-size":"auto","background-attachment":"scroll","background-type":"","background-media":"","overlay-type":"","overlay-color":"","overlay-gradient":""},"mobile":{"background-color":"","background-image":"","background-repeat":"repeat","background-position":"center center","background-size":"auto","background-attachment":"scroll","background-type":"","background-media":"","overlay-type":"","overlay-color":"","overlay-gradient":""}},"ast-content-background-meta":{"desktop":{"background-color":"var(--ast-global-color-5)","background-image":"","background-repeat":"repeat","background-position":"center center","background-size":"auto","background-attachment":"scroll","background-type":"","background-media":"","overlay-type":"","overlay-color":"","overlay-gradient":""},"tablet":{"background-color":"var(--ast-global-color-5)","background-image":"","background-repeat":"repeat","background-position":"center center","background-size":"auto","background-attachment":"scroll","background-type":"","background-media":"","overlay-type":"","overlay-color":"","overlay-gradient":""},"mobile":{"background-color":"var(--ast-global-color-5)","background-image":"","background-repeat":"repeat","background-position":"center center","background-size":"auto","background-attachment":"scroll","background-type":"","background-media":"","overlay-type":"","overlay-color":"","overlay-gradient":""}},"footnotes":""},"aioseo_notices":[],"_links":{"self":[{"href":"https:\/\/syncmyfiles.es\/index.php?rest_route=\/wp\/v2\/pages\/179"}],"collection":[{"href":"https:\/\/syncmyfiles.es\/index.php?rest_route=\/wp\/v2\/pages"}],"about":[{"href":"https:\/\/syncmyfiles.es\/index.php?rest_route=\/wp\/v2\/types\/page"}],"author":[{"embeddable":true,"href":"https:\/\/syncmyfiles.es\/index.php?rest_route=\/wp\/v2\/users\/1"}],"replies":[{"embeddable":true,"href":"https:\/\/syncmyfiles.es\/index.php?rest_route=%2Fwp%2Fv2%2Fcomments&post=179"}],"version-history":[{"count":1,"href":"https:\/\/syncmyfiles.es\/index.php?rest_route=\/wp\/v2\/pages\/179\/revisions"}],"predecessor-version":[{"id":180,"href":"https:\/\/syncmyfiles.es\/index.php?rest_route=\/wp\/v2\/pages\/179\/revisions\/180"}],"wp:attachment":[{"href":"https:\/\/syncmyfiles.es\/index.php?rest_route=%2Fwp%2Fv2%2Fmedia&parent=179"}],"curies":[{"name":"wp","href":"https:\/\/api.w.org\/{rel}","templated":true}]}}